[INFO] fetching crate libp2p 0.24.0...
[INFO] checking libp2p-0.24.0 against try#72f88fc4e9458f89516a0b8b0868f3718aec5b47 for pr-74989
[INFO] extracting crate libp2p 0.24.0 into /workspace/builds/worker-8/source
[INFO] validating manifest of crates.io crate libp2p 0.24.0 on toolchain 72f88fc4e9458f89516a0b8b0868f3718aec5b47
[INFO] running `Command { std: "/workspace/cargo-home/bin/cargo" "+72f88fc4e9458f89516a0b8b0868f3718aec5b47" "read-manifest" "--manifest-path" "Cargo.toml", kill_on_drop: false }`
[INFO] started tweaking crates.io crate libp2p 0.24.0
[INFO] finished tweaking crates.io crate libp2p 0.24.0
[INFO] tweaked toml for crates.io crate libp2p 0.24.0 written to /workspace/builds/worker-8/source/Cargo.toml
[INFO] crate crates.io crate libp2p 0.24.0 already has a lockfile, it will not be regenerated
[INFO] running `Command { std: "/workspace/cargo-home/bin/cargo" "+72f88fc4e9458f89516a0b8b0868f3718aec5b47" "fetch" "--locked" "--manifest-path" "Cargo.toml", kill_on_drop: false }`
[INFO] [stderr]  Downloading crates ...
[INFO] [stderr]   Downloaded yamux v0.4.5
[INFO] [stderr]   Downloaded libp2p-kad v0.22.0
[INFO] running `Command { std: "docker" "create" "-v" "/var/lib/crater-agent-workspace/builds/worker-8/target:/opt/rustwide/target:rw,Z" "-v" "/var/lib/crater-agent-workspace/builds/worker-8/source:/opt/rustwide/workdir:ro,Z" "-v" "/var/lib/crater-agent-workspace/cargo-home:/opt/rustwide/cargo-home:ro,Z" "-v" "/var/lib/crater-agent-workspace/rustup-home:/opt/rustwide/rustup-home:ro,Z" "-e" "SOURCE_DIR=/opt/rustwide/workdir" "-e" "CARGO_TARGET_DIR=/opt/rustwide/target" "-e" "CARGO_HOME=/opt/rustwide/cargo-home" "-e" "RUSTUP_HOME=/opt/rustwide/rustup-home" "-w" "/opt/rustwide/workdir" "-m" "1610612736" "--user" "0:0" "--network" "none" "rustops/crates-build-env@sha256:d92eaeed33fa75130ca1ee6c8a01d1ffb62bac859dfdfb3450e3e5d1c0146529" "/opt/rustwide/cargo-home/bin/cargo" "+72f88fc4e9458f89516a0b8b0868f3718aec5b47" "metadata" "--no-deps" "--format-version=1", kill_on_drop: false }`
[INFO] [stderr] WARNING: Your kernel does not support swap limit capabilities or the cgroup is not mounted. Memory limited without swap.
[INFO] [stdout] 4ae5d417f947c98b2acfbc3da531cc308f3dbbafd5b64f606dfb00dee0d0900a
[INFO] running `Command { std: "docker" "start" "-a" "4ae5d417f947c98b2acfbc3da531cc308f3dbbafd5b64f606dfb00dee0d0900a", kill_on_drop: false }`
[INFO] running `Command { std: "docker" "inspect" "4ae5d417f947c98b2acfbc3da531cc308f3dbbafd5b64f606dfb00dee0d0900a", kill_on_drop: false }`
[INFO] running `Command { std: "docker" "rm" "-f" "4ae5d417f947c98b2acfbc3da531cc308f3dbbafd5b64f606dfb00dee0d0900a", kill_on_drop: false }`
[INFO] [stdout] 4ae5d417f947c98b2acfbc3da531cc308f3dbbafd5b64f606dfb00dee0d0900a
[INFO] running `Command { std: "docker" "create" "-v" "/var/lib/crater-agent-workspace/builds/worker-8/target:/opt/rustwide/target:rw,Z" "-v" "/var/lib/crater-agent-workspace/builds/worker-8/source:/opt/rustwide/workdir:ro,Z" "-v" "/var/lib/crater-agent-workspace/cargo-home:/opt/rustwide/cargo-home:ro,Z" "-v" "/var/lib/crater-agent-workspace/rustup-home:/opt/rustwide/rustup-home:ro,Z" "-e" "SOURCE_DIR=/opt/rustwide/workdir" "-e" "CARGO_TARGET_DIR=/opt/rustwide/target" "-e" "CARGO_INCREMENTAL=0" "-e" "RUST_BACKTRACE=full" "-e" "RUSTFLAGS=--cap-lints=forbid" "-e" "CARGO_HOME=/opt/rustwide/cargo-home" "-e" "RUSTUP_HOME=/opt/rustwide/rustup-home" "-w" "/opt/rustwide/workdir" "-m" "1610612736" "--user" "0:0" "--network" "none" "rustops/crates-build-env@sha256:d92eaeed33fa75130ca1ee6c8a01d1ffb62bac859dfdfb3450e3e5d1c0146529" "/opt/rustwide/cargo-home/bin/cargo" "+72f88fc4e9458f89516a0b8b0868f3718aec5b47" "check" "--frozen" "--all" "--all-targets" "--message-format=json", kill_on_drop: false }`
[INFO] [stdout] c9e4b13dbd81bea42a83ea542e701dff49777b8fdec0df87d1de8a2f78120e4f
[INFO] [stderr] WARNING: Your kernel does not support swap limit capabilities or the cgroup is not mounted. Memory limited without swap.
[INFO] running `Command { std: "docker" "start" "-a" "c9e4b13dbd81bea42a83ea542e701dff49777b8fdec0df87d1de8a2f78120e4f", kill_on_drop: false }`
[INFO] [stderr]    Compiling libc v0.2.70
[INFO] [stderr]    Compiling unicode-xid v0.2.0
[INFO] [stderr]    Compiling syn v1.0.24
[INFO] [stderr]    Compiling typenum v1.12.0
[INFO] [stderr]     Checking cfg-if v0.1.10
[INFO] [stderr]    Compiling getrandom v0.1.14
[INFO] [stderr]    Compiling log v0.4.11
[INFO] [stderr]    Compiling autocfg v1.0.0
[INFO] [stderr]    Compiling byteorder v1.3.4
[INFO] [stderr]     Checking once_cell v1.4.0
[INFO] [stderr]    Compiling anyhow v1.0.31
[INFO] [stderr]    Compiling memchr v2.3.3
[INFO] [stderr]    Compiling ppv-lite86 v0.2.8
[INFO] [stderr]    Compiling pin-project-internal v0.4.22
[INFO] [stderr]    Compiling bytes v0.5.4
[INFO] [stderr]     Checking futures-core v0.3.5
[INFO] [stderr]    Compiling cc v1.0.54
[INFO] [stderr]    Compiling proc-macro-nested v0.1.4
[INFO] [stderr]    Compiling fixedbitset v0.2.0
[INFO] [stderr]    Compiling remove_dir_all v0.5.2
[INFO] [stderr]    Compiling unicode-segmentation v1.6.0
[INFO] [stderr]     Checking futures-sink v0.3.5
[INFO] [stderr]    Compiling proc-macro-hack v0.5.16
[INFO] [stderr]    Compiling multimap v0.8.1
[INFO] [stderr]     Checking opaque-debug v0.2.3
[INFO] [stderr]     Checking futures-io v0.3.5
[INFO] [stderr]     Checking slab v0.4.2
[INFO] [stderr]     Checking pin-utils v0.1.0
[INFO] [stderr]     Checking byte-tools v0.3.1
[INFO] [stderr]     Checking subtle v2.2.2
[INFO] [stderr]     Checking untrusted v0.7.1
[INFO] [stderr]     Checking spin v0.5.2
[INFO] [stderr]     Checking fake-simd v0.1.2
[INFO] [stderr]     Checking arrayref v0.3.6
[INFO] [stderr]     Checking lazy_static v1.4.0
[INFO] [stderr]     Checking scopeguard v1.1.0
[INFO] [stderr]     Checking matches v0.1.8
[INFO] [stderr]     Checking keccak v0.1.0
[INFO] [stderr]     Checking arrayvec v0.5.1
[INFO] [stderr]     Checking constant_time_eq v0.1.5
[INFO] [stderr]     Checking subtle v1.0.0
[INFO] [stderr]    Compiling serde v1.0.110
[INFO] [stderr]    Compiling crunchy v0.2.2
[INFO] [stderr]     Checking static_assertions v1.1.0
[INFO] [stderr]     Checking signature v1.1.0
[INFO] [stderr]     Checking percent-encoding v2.1.0
[INFO] [stderr]    Compiling version_check v0.9.2
[INFO] [stderr]     Checking bs58 v0.3.1
[INFO] [stderr]    Compiling semver-parser v0.7.0
[INFO] [stderr]     Checking data-encoding v2.2.1
[INFO] [stderr]     Checking futures-timer v3.0.2
[INFO] [stderr]     Checking void v1.0.2
[INFO] [stderr]     Checking fnv v1.0.7
[INFO] [stderr]    Compiling maybe-uninit v2.0.0
[INFO] [stderr]    Compiling wasm-bindgen-shared v0.2.62
[INFO] [stderr]     Checking pin-project-lite v0.1.5
[INFO] [stderr]    Compiling bumpalo v3.3.0
[INFO] [stderr]     Checking cache-padded v1.1.0
[INFO] [stderr]    Compiling crc32fast v1.2.0
[INFO] [stderr]     Checking parking v1.0.3
[INFO] [stderr]     Checking waker-fn v1.0.0
[INFO] [stderr]    Compiling wasm-bindgen v0.2.62
[INFO] [stderr]     Checking async-task v3.0.0
[INFO] [stderr]     Checking fastrand v1.3.2
[INFO] [stderr]     Checking adler32 v1.0.4
[INFO] [stderr]     Checking scoped-tls v1.0.0
[INFO] [stderr]     Checking quick-error v1.2.3
[INFO] [stderr]     Checking opaque-debug v0.3.0
[INFO] [stderr]     Checking cpuid-bool v0.1.2
[INFO] [stderr]     Checking ahash v0.3.8
[INFO] [stderr]     Checking c_linked_list v1.1.1
[INFO] [stderr]     Checking nohash-hasher v0.2.0
[INFO] [stderr]     Checking byteorder v0.5.3
[INFO] [stderr]     Checking lru_time_cache v0.10.0
[INFO] [stderr]     Checking hex_fmt v0.3.0
[INFO] [stderr]     Checking parity-send-wrapper v0.1.0
[INFO] [stderr]     Checking atomic v0.4.6
[INFO] [stderr]     Checking futures-task v0.3.5
[INFO] [stderr]     Checking futures-channel v0.3.5
[INFO] [stderr]     Checking block-padding v0.1.5
[INFO] [stderr]     Checking unicode-normalization v0.1.12
[INFO] [stderr]     Checking lock_api v0.3.4
[INFO] [stderr]     Checking thread_local v1.0.1
[INFO] [stderr]    Compiling indexmap v1.3.2
[INFO] [stderr]    Compiling crossbeam-utils v0.7.2
[INFO] [stderr]    Compiling hashbrown v0.8.2
[INFO] [stderr]     Checking unicode-bidi v0.3.4
[INFO] [stderr]    Compiling heck v0.3.1
[INFO] [stderr]     Checking ed25519 v1.0.1
[INFO] [stderr]     Checking quicksink v0.1.2
[INFO] [stderr]    Compiling semver v0.9.0
[INFO] [stderr]     Checking blake2s_simd v0.5.10
[INFO] [stderr]     Checking blake2b_simd v0.5.10
[INFO] [stderr]     Checking concurrent-queue v1.1.1
[INFO] [stderr]     Checking miniz_oxide v0.3.6
[INFO] [stderr]     Checking humantime v1.3.0
[INFO] [stderr]    Compiling generic-array v0.14.3
[INFO] [stderr]    Compiling proc-macro2 v1.0.17
[INFO] [stderr]    Compiling rustc_version v0.2.3
[INFO] [stderr]     Checking aho-corasick v0.7.10
[INFO] [stderr]     Checking tokio v0.2.21
[INFO] [stderr]     Checking kv-log-macro v1.0.6
[INFO] [stderr]     Checking smallvec v0.6.13
[INFO] [stderr]    Compiling ring v0.16.13
[INFO] [stderr]    Compiling libz-sys v1.0.25
[INFO] [stderr]    Compiling quote v1.0.6
[INFO] [stderr]     Checking dns-parser v0.8.0
[INFO] [stderr]     Checking uint v0.8.3
[INFO] [stderr]     Checking idna v0.2.0
[INFO] [stderr]    Compiling which v3.1.1
[INFO] [stderr]     Checking num_cpus v1.13.0
[INFO] [stderr]     Checking parking_lot_core v0.7.2
[INFO] [stderr]     Checking socket2 v0.3.12
[INFO] [stderr]     Checking rand v0.4.6
[INFO] [stderr]     Checking get_if_addrs v0.5.3
[INFO] [stderr]     Checking net2 v0.2.34
[INFO] [stderr]     Checking atty v0.2.14
[INFO] [stderr]    Compiling parking_lot_core v0.6.2
[INFO] [stderr]    Compiling parking_lot v0.9.0
[INFO] [stderr]    Compiling snow v0.7.1
[INFO] [stderr]     Checking lru v0.6.0
[INFO] [stderr]    Compiling rand_core v0.5.1
[INFO] [stderr]    Compiling petgraph v0.5.1
[INFO] [stderr]     Checking generic-array v0.12.3
[INFO] [stderr]    Compiling prost-build v0.6.1
[INFO] [stderr]     Checking parking_lot v0.10.2
[INFO] [stderr]     Checking regex v1.3.7
[INFO] [stderr]    Compiling rand_chacha v0.2.2
[INFO] [stderr]     Checking digest v0.8.1
[INFO] [stderr]     Checking block-buffer v0.7.3
[INFO] [stderr]     Checking crypto-mac v0.7.0
[INFO] [stderr]     Checking stream-cipher v0.3.2
[INFO] [stderr]     Checking block-cipher-trait v0.6.2
[INFO] [stderr]     Checking flate2 v1.0.14
[INFO] [stderr]     Checking url v2.1.1
[INFO] [stderr]     Checking salsa20-core v0.2.3
[INFO] [stderr]     Checking sha2 v0.8.2
[INFO] [stderr]     Checking sha-1 v0.8.2
[INFO] [stderr]     Checking sha3 v0.8.2
[INFO] [stderr]     Checking ctr v0.3.2
[INFO] [stderr]     Checking aes-soft v0.3.3
[INFO] [stderr]     Checking twofish v0.2.0
[INFO] [stderr]     Checking hmac v0.7.1
[INFO] [stderr]     Checking universal-hash v0.4.0
[INFO] [stderr]     Checking block-cipher v0.7.1
[INFO] [stderr]     Checking stream-cipher v0.4.1
[INFO] [stderr]     Checking digest v0.9.0
[INFO] [stderr]     Checking aead v0.3.2
[INFO] [stderr]     Checking block-buffer v0.9.0
[INFO] [stderr]     Checking crypto-mac v0.8.0
[INFO] [stderr]     Checking salsa20 v0.3.0
[INFO] [stderr]    Compiling rand v0.7.3
[INFO] [stderr]     Checking rand v0.3.23
[INFO] [stderr]     Checking hmac-drbg v0.2.0
[INFO] [stderr]     Checking multihash v0.11.2
[INFO] [stderr]     Checking polyval v0.4.0
[INFO] [stderr]     Checking poly1305 v0.6.0
[INFO] [stderr]     Checking aes-soft v0.4.0
[INFO] [stderr]     Checking aes-ctr v0.3.0
[INFO] [stderr]     Checking sha2 v0.9.1
[INFO] [stderr]     Checking blake2 v0.9.0
[INFO] [stderr]     Checking cuckoofilter v0.3.2
[INFO] [stderr]     Checking ghash v0.3.0
[INFO] [stderr]     Checking aes v0.4.0
[INFO] [stderr]     Checking aes-gcm v0.6.0
[INFO] [stderr]     Checking env_logger v0.7.1
[INFO] [stderr]     Checking libsecp256k1 v0.3.5
[INFO] [stderr]    Compiling tempfile v3.1.0
[INFO] [stderr]     Checking webpki v0.21.2
[INFO] [stderr]     Checking sct v0.6.0
[INFO] [stderr]     Checking webpki-roots v0.19.0
[INFO] [stderr]     Checking rustls v0.18.0
[INFO] [stderr]     Checking webpki-roots v0.18.0
[INFO] [stderr]    Compiling synstructure v0.12.3
[INFO] [stderr]    Compiling wasm-bindgen-backend v0.2.62
[INFO] [stderr]    Compiling wasm-bindgen-macro-support v0.2.62
[INFO] [stderr]    Compiling prost-derive v0.6.1
[INFO] [stderr]    Compiling futures-macro v0.3.5
[INFO] [stderr]    Compiling zeroize_derive v1.0.0
[INFO] [stderr]    Compiling asn1_der_derive v0.1.2
[INFO] [stderr]    Compiling thiserror-impl v1.0.19
[INFO] [stderr]    Compiling async-trait v0.1.36
[INFO] [stderr]    Compiling libp2p-core-derive v0.20.2
[INFO] [stderr]    Compiling wasm-bindgen-macro v0.2.62
[INFO] [stderr]     Checking zeroize v1.1.0
[INFO] [stderr]     Checking asn1_der v0.6.3
[INFO] [stderr]     Checking curve25519-dalek v2.0.0
[INFO] [stderr]     Checking chacha20 v0.4.3
[INFO] [stderr]     Checking chacha20poly1305 v0.5.1
[INFO] [stderr]     Checking thiserror v1.0.19
[INFO] [stderr]     Checking ed25519-dalek v1.0.0-pre.4
[INFO] [stderr]     Checking x25519-dalek v0.6.0
[INFO] [stderr]     Checking pin-project v0.4.22
[INFO] [stderr]     Checking futures-util v0.3.5
[INFO] [stderr]     Checking js-sys v0.3.39
[INFO] [stderr]    Compiling prost v0.6.1
[INFO] [stderr]    Compiling prost-types v0.6.1
[INFO] [stdout] error: return value of constructor must be a bare path
[INFO] [stdout]     --> /opt/rustwide/cargo-home/registry/src/github.com-1ecc6299db9ec823/js-sys-0.3.39/src/lib.rs:4795:13
[INFO] [stdout]      |
[INFO] [stdout] 4795 | /             /// The
[INFO] [stdout] 4796 | |             #[doc = $ctor]
[INFO] [stdout] 4797 | |             /// constructor creates an array of unsigned 8-bit integers.
[INFO] [stdout] 4798 | |             ///
[INFO] [stdout] ...    |
[INFO] [stdout] 4802 | |             #[wasm_bindgen(constructor)]
[INFO] [stdout] 4803 | |             pub fn new(constructor_arg: &JsValue) -> $name;
[INFO] [stdout]      | |___________________________________________________________^
[INFO] [stdout] ...
[INFO] [stdout] 4999 | / arrays! {
[INFO] [stdout] 5000 | |     /// `Int8Array()`
[INFO] [stdout] 5001 | |     /// https://developer.mozilla.org/en-US/docs/Web/JavaScript/Reference/Global_Objects/Int8Array
[INFO] [stdout] 5002 | |     Int8Array: i8,
[INFO] [stdout] ...    |
[INFO] [stdout] 5034 | |     Float64Array: f64,
[INFO] [stdout] 5035 | | }
[INFO] [stdout]      | |_- in this macro invocation
[INFO] [stdout]      |
[INFO] [stdout]      = note: this error originates in a macro (in Nightly builds, run with -Z macro-backtrace for more info)
[INFO] [stdout] 
[INFO] [stdout] 
[INFO] [stdout] error: return value of constructor must be a bare path
[INFO] [stdout]     --> /opt/rustwide/cargo-home/registry/src/github.com-1ecc6299db9ec823/js-sys-0.3.39/src/lib.rs:4805:13
[INFO] [stdout]      |
[INFO] [stdout] 4805 | /             /// An
[INFO] [stdout] 4806 | |             #[doc = $ctor]
[INFO] [stdout] 4807 | |             /// which creates an array with an internal buffer large
[INFO] [stdout] 4808 | |             /// enough for `length` elements.
[INFO] [stdout] ...    |
[INFO] [stdout] 4813 | |             #[wasm_bindgen(constructor)]
[INFO] [stdout] 4814 | |             pub fn new_with_length(length: u32) -> $name;
[INFO] [stdout]      | |_________________________________________________________^
[INFO] [stdout] ...
[INFO] [stdout] 4999 | / arrays! {
[INFO] [stdout] 5000 | |     /// `Int8Array()`
[INFO] [stdout] 5001 | |     /// https://developer.mozilla.org/en-US/docs/Web/JavaScript/Reference/Global_Objects/Int8Array
[INFO] [stdout] 5002 | |     Int8Array: i8,
[INFO] [stdout] ...    |
[INFO] [stdout] 5034 | |     Float64Array: f64,
[INFO] [stdout] 5035 | | }
[INFO] [stdout]      | |_- in this macro invocation
[INFO] [stdout]      |
[INFO] [stdout]      = note: this error originates in a macro (in Nightly builds, run with -Z macro-backtrace for more info)
[INFO] [stdout] 
[INFO] [stdout] 
[INFO] [stdout] error: return value of constructor must be a bare path
[INFO] [stdout]     --> /opt/rustwide/cargo-home/registry/src/github.com-1ecc6299db9ec823/js-sys-0.3.39/src/lib.rs:4816:13
[INFO] [stdout]      |
[INFO] [stdout] 4816 | /             /// An
[INFO] [stdout] 4817 | |             #[doc = $ctor]
[INFO] [stdout] 4818 | |             /// which creates an array with the given buffer but is a
[INFO] [stdout] 4819 | |             /// view starting at `byte_offset`.
[INFO] [stdout] ...    |
[INFO] [stdout] 4824 | |             #[wasm_bindgen(constructor)]
[INFO] [stdout] 4825 | |             pub fn new_with_byte_offset(buffer: &JsValue, byte_offset: u32) -> $name;
[INFO] [stdout]      | |_____________________________________________________________________________________^
[INFO] [stdout] ...
[INFO] [stdout] 4999 | / arrays! {
[INFO] [stdout] 5000 | |     /// `Int8Array()`
[INFO] [stdout] 5001 | |     /// https://developer.mozilla.org/en-US/docs/Web/JavaScript/Reference/Global_Objects/Int8Array
[INFO] [stdout] 5002 | |     Int8Array: i8,
[INFO] [stdout] ...    |
[INFO] [stdout] 5034 | |     Float64Array: f64,
[INFO] [stdout] 5035 | | }
[INFO] [stdout]      | |_- in this macro invocation
[INFO] [stdout]      |
[INFO] [stdout]      = note: this error originates in a macro (in Nightly builds, run with -Z macro-backtrace for more info)
[INFO] [stdout] 
[INFO] [stdout] 
[INFO] [stdout] error: return value of constructor must be a bare path
[INFO] [stdout]     --> /opt/rustwide/cargo-home/registry/src/github.com-1ecc6299db9ec823/js-sys-0.3.39/src/lib.rs:4827:13
[INFO] [stdout]      |
[INFO] [stdout] 4827 | /             /// An
[INFO] [stdout] 4828 | |             #[doc = $ctor]
[INFO] [stdout] 4829 | |             /// which creates an array with the given buffer but is a
[INFO] [stdout] 4830 | |             /// view starting at `byte_offset` for `length` elements.
[INFO] [stdout] ...    |
[INFO] [stdout] 4839 | |                 length: u32,
[INFO] [stdout] 4840 | |             ) -> $name;
[INFO] [stdout]      | |_______________________^
[INFO] [stdout] ...
[INFO] [stdout] 4999 | / arrays! {
[INFO] [stdout] 5000 | |     /// `Int8Array()`
[INFO] [stdout] 5001 | |     /// https://developer.mozilla.org/en-US/docs/Web/JavaScript/Reference/Global_Objects/Int8Array
[INFO] [stdout] 5002 | |     Int8Array: i8,
[INFO] [stdout] ...    |
[INFO] [stdout] 5034 | |     Float64Array: f64,
[INFO] [stdout] 5035 | | }
[INFO] [stdout]      | |_- in this macro invocation
[INFO] [stdout]      |
[INFO] [stdout]      = note: this error originates in a macro (in Nightly builds, run with -Z macro-backtrace for more info)
[INFO] [stdout] 
[INFO] [stdout] 
[INFO] [stdout] error: first argument of method must be a path
[INFO] [stdout]     --> /opt/rustwide/cargo-home/registry/src/github.com-1ecc6299db9ec823/js-sys-0.3.39/src/lib.rs:4847:32
[INFO] [stdout]      |
[INFO] [stdout] 4847 |               pub fn fill(this: &$name, value: $ty, start: u32, end: u32) -> $name;
[INFO] [stdout]      |                                  ^^^^^
[INFO] [stdout] ...
[INFO] [stdout] 4999 | / arrays! {
[INFO] [stdout] 5000 | |     /// `Int8Array()`
[INFO] [stdout] 5001 | |     /// https://developer.mozilla.org/en-US/docs/Web/JavaScript/Reference/Global_Objects/Int8Array
[INFO] [stdout] 5002 | |     Int8Array: i8,
[INFO] [stdout] ...    |
[INFO] [stdout] 5034 | |     Float64Array: f64,
[INFO] [stdout] 5035 | | }
[INFO] [stdout]      | |_- in this macro invocation
[INFO] [stdout]      |
[INFO] [stdout]      = note: this error originates in a macro (in Nightly builds, run with -Z macro-backtrace for more info)
[INFO] [stdout] 
[INFO] [stdout] 
[INFO] [stdout] error: first argument of method must be a path
[INFO] [stdout]     --> /opt/rustwide/cargo-home/registry/src/github.com-1ecc6299db9ec823/js-sys-0.3.39/src/lib.rs:4852:34
[INFO] [stdout]      |
[INFO] [stdout] 4852 |               pub fn buffer(this: &$name) -> ArrayBuffer;
[INFO] [stdout]      |                                    ^^^^^
[INFO] [stdout] ...
[INFO] [stdout] 4999 | / arrays! {
[INFO] [stdout] 5000 | |     /// `Int8Array()`
[INFO] [stdout] 5001 | |     /// https://developer.mozilla.org/en-US/docs/Web/JavaScript/Reference/Global_Objects/Int8Array
[INFO] [stdout] 5002 | |     Int8Array: i8,
[INFO] [stdout] ...    |
[INFO] [stdout] 5034 | |     Float64Array: f64,
[INFO] [stdout] 5035 | | }
[INFO] [stdout]      | |_- in this macro invocation
[INFO] [stdout]      |
[INFO] [stdout]      = note: this error originates in a macro (in Nightly builds, run with -Z macro-backtrace for more info)
[INFO] [stdout] 
[INFO] [stdout] 
[INFO] [stdout] error: first argument of method must be a path
[INFO] [stdout]     --> /opt/rustwide/cargo-home/registry/src/github.com-1ecc6299db9ec823/js-sys-0.3.39/src/lib.rs:4858:36
[INFO] [stdout]      |
[INFO] [stdout] 4858 |               pub fn subarray(this: &$name, begin: u32, end: u32) -> $name;
[INFO] [stdout]      |                                      ^^^^^
[INFO] [stdout] ...
[INFO] [stdout] 4999 | / arrays! {
[INFO] [stdout] 5000 | |     /// `Int8Array()`
[INFO] [stdout] 5001 | |     /// https://developer.mozilla.org/en-US/docs/Web/JavaScript/Reference/Global_Objects/Int8Array
[INFO] [stdout] 5002 | |     Int8Array: i8,
[INFO] [stdout] ...    |
[INFO] [stdout] 5034 | |     Float64Array: f64,
[INFO] [stdout] 5035 | | }
[INFO] [stdout]      | |_- in this macro invocation
[INFO] [stdout]      |
[INFO] [stdout]      = note: this error originates in a macro (in Nightly builds, run with -Z macro-backtrace for more info)
[INFO] [stdout] 
[INFO] [stdout] 
[INFO] [stdout] error: first argument of method must be a path
[INFO] [stdout]     --> /opt/rustwide/cargo-home/registry/src/github.com-1ecc6299db9ec823/js-sys-0.3.39/src/lib.rs:4864:33
[INFO] [stdout]      |
[INFO] [stdout] 4864 |               pub fn slice(this: &$name, begin: u32, end: u32) -> $name;
[INFO] [stdout]      |                                   ^^^^^
[INFO] [stdout] ...
[INFO] [stdout] 4999 | / arrays! {
[INFO] [stdout] 5000 | |     /// `Int8Array()`
[INFO] [stdout] 5001 | |     /// https://developer.mozilla.org/en-US/docs/Web/JavaScript/Reference/Global_Objects/Int8Array
[INFO] [stdout] 5002 | |     Int8Array: i8,
[INFO] [stdout] ...    |
[INFO] [stdout] 5034 | |     Float64Array: f64,
[INFO] [stdout] 5035 | | }
[INFO] [stdout]      | |_- in this macro invocation
[INFO] [stdout]      |
[INFO] [stdout]      = note: this error originates in a macro (in Nightly builds, run with -Z macro-backtrace for more info)
[INFO] [stdout] 
[INFO] [stdout] 
[INFO] [stdout] error: first argument of method must be a path
[INFO] [stdout]     --> /opt/rustwide/cargo-home/registry/src/github.com-1ecc6299db9ec823/js-sys-0.3.39/src/lib.rs:4871:36
[INFO] [stdout]      |
[INFO] [stdout] 4871 |               pub fn for_each(this: &$name, callback: &mut dyn FnMut($ty, u32, $name));
[INFO] [stdout]      |                                      ^^^^^
[INFO] [stdout] ...
[INFO] [stdout] 4999 | / arrays! {
[INFO] [stdout] 5000 | |     /// `Int8Array()`
[INFO] [stdout] 5001 | |     /// https://developer.mozilla.org/en-US/docs/Web/JavaScript/Reference/Global_Objects/Int8Array
[INFO] [stdout] 5002 | |     Int8Array: i8,
[INFO] [stdout] ...    |
[INFO] [stdout] 5034 | |     Float64Array: f64,
[INFO] [stdout] 5035 | | }
[INFO] [stdout]      | |_- in this macro invocation
[INFO] [stdout]      |
[INFO] [stdout]      = note: this error originates in a macro (in Nightly builds, run with -Z macro-backtrace for more info)
[INFO] [stdout] 
[INFO] [stdout] 
[INFO] [stdout] error: first argument of method must be a path
[INFO] [stdout]     --> /opt/rustwide/cargo-home/registry/src/github.com-1ecc6299db9ec823/js-sys-0.3.39/src/lib.rs:4876:34
[INFO] [stdout]      |
[INFO] [stdout] 4876 |               pub fn length(this: &$name) -> u32;
[INFO] [stdout]      |                                    ^^^^^
[INFO] [stdout] ...
[INFO] [stdout] 4999 | / arrays! {
[INFO] [stdout] 5000 | |     /// `Int8Array()`
[INFO] [stdout] 5001 | |     /// https://developer.mozilla.org/en-US/docs/Web/JavaScript/Reference/Global_Objects/Int8Array
[INFO] [stdout] 5002 | |     Int8Array: i8,
[INFO] [stdout] ...    |
[INFO] [stdout] 5034 | |     Float64Array: f64,
[INFO] [stdout] 5035 | | }
[INFO] [stdout]      | |_- in this macro invocation
[INFO] [stdout]      |
[INFO] [stdout]      = note: this error originates in a macro (in Nightly builds, run with -Z macro-backtrace for more info)
[INFO] [stdout] 
[INFO] [stdout] 
[INFO] [stdout] error: first argument of method must be a path
[INFO] [stdout]     --> /opt/rustwide/cargo-home/registry/src/github.com-1ecc6299db9ec823/js-sys-0.3.39/src/lib.rs:4881:39
[INFO] [stdout]      |
[INFO] [stdout] 4881 |               pub fn byte_length(this: &$name) -> u32;
[INFO] [stdout]      |                                         ^^^^^
[INFO] [stdout] ...
[INFO] [stdout] 4999 | / arrays! {
[INFO] [stdout] 5000 | |     /// `Int8Array()`
[INFO] [stdout] 5001 | |     /// https://developer.mozilla.org/en-US/docs/Web/JavaScript/Reference/Global_Objects/Int8Array
[INFO] [stdout] 5002 | |     Int8Array: i8,
[INFO] [stdout] ...    |
[INFO] [stdout] 5034 | |     Float64Array: f64,
[INFO] [stdout] 5035 | | }
[INFO] [stdout]      | |_- in this macro invocation
[INFO] [stdout]      |
[INFO] [stdout]      = note: this error originates in a macro (in Nightly builds, run with -Z macro-backtrace for more info)
[INFO] [stdout] 
[INFO] [stdout] 
[INFO] [stdout] error: first argument of method must be a path
[INFO] [stdout]     --> /opt/rustwide/cargo-home/registry/src/github.com-1ecc6299db9ec823/js-sys-0.3.39/src/lib.rs:4886:39
[INFO] [stdout]      |
[INFO] [stdout] 4886 |               pub fn byte_offset(this: &$name) -> u32;
[INFO] [stdout]      |                                         ^^^^^
[INFO] [stdout] ...
[INFO] [stdout] 4999 | / arrays! {
[INFO] [stdout] 5000 | |     /// `Int8Array()`
[INFO] [stdout] 5001 | |     /// https://developer.mozilla.org/en-US/docs/Web/JavaScript/Reference/Global_Objects/Int8Array
[INFO] [stdout] 5002 | |     Int8Array: i8,
[INFO] [stdout] ...    |
[INFO] [stdout] 5034 | |     Float64Array: f64,
[INFO] [stdout] 5035 | | }
[INFO] [stdout]      | |_- in this macro invocation
[INFO] [stdout]      |
[INFO] [stdout]      = note: this error originates in a macro (in Nightly builds, run with -Z macro-backtrace for more info)
[INFO] [stdout] 
[INFO] [stdout] 
[INFO] [stdout] error: first argument of method must be a path
[INFO] [stdout]     --> /opt/rustwide/cargo-home/registry/src/github.com-1ecc6299db9ec823/js-sys-0.3.39/src/lib.rs:4891:31
[INFO] [stdout]      |
[INFO] [stdout] 4891 |               pub fn set(this: &$name, src: &JsValue, offset: u32);
[INFO] [stdout]      |                                 ^^^^^
[INFO] [stdout] ...
[INFO] [stdout] 4999 | / arrays! {
[INFO] [stdout] 5000 | |     /// `Int8Array()`
[INFO] [stdout] 5001 | |     /// https://developer.mozilla.org/en-US/docs/Web/JavaScript/Reference/Global_Objects/Int8Array
[INFO] [stdout] 5002 | |     Int8Array: i8,
[INFO] [stdout] ...    |
[INFO] [stdout] 5034 | |     Float64Array: f64,
[INFO] [stdout] 5035 | | }
[INFO] [stdout]      | |_- in this macro invocation
[INFO] [stdout]      |
[INFO] [stdout]      = note: this error originates in a macro (in Nightly builds, run with -Z macro-backtrace for more info)
[INFO] [stdout] 
[INFO] [stdout] 
[INFO] [stdout] error: first argument of method must be a path
[INFO] [stdout]     --> /opt/rustwide/cargo-home/registry/src/github.com-1ecc6299db9ec823/js-sys-0.3.39/src/lib.rs:4895:37
[INFO] [stdout]      |
[INFO] [stdout] 4895 |               pub fn get_index(this: &$name, idx: u32) -> $ty;
[INFO] [stdout]      |                                       ^^^^^
[INFO] [stdout] ...
[INFO] [stdout] 4999 | / arrays! {
[INFO] [stdout] 5000 | |     /// `Int8Array()`
[INFO] [stdout] 5001 | |     /// https://developer.mozilla.org/en-US/docs/Web/JavaScript/Reference/Global_Objects/Int8Array
[INFO] [stdout] 5002 | |     Int8Array: i8,
[INFO] [stdout] ...    |
[INFO] [stdout] 5034 | |     Float64Array: f64,
[INFO] [stdout] 5035 | | }
[INFO] [stdout]      | |_- in this macro invocation
[INFO] [stdout]      |
[INFO] [stdout]      = note: this error originates in a macro (in Nightly builds, run with -Z macro-backtrace for more info)
[INFO] [stdout] 
[INFO] [stdout] 
[INFO] [stdout] error: first argument of method must be a path
[INFO] [stdout]     --> /opt/rustwide/cargo-home/registry/src/github.com-1ecc6299db9ec823/js-sys-0.3.39/src/lib.rs:4899:37
[INFO] [stdout]      |
[INFO] [stdout] 4899 |               pub fn set_index(this: &$name, idx: u32, value: $ty);
[INFO] [stdout]      |                                       ^^^^^
[INFO] [stdout] ...
[INFO] [stdout] 4999 | / arrays! {
[INFO] [stdout] 5000 | |     /// `Int8Array()`
[INFO] [stdout] 5001 | |     /// https://developer.mozilla.org/en-US/docs/Web/JavaScript/Reference/Global_Objects/Int8Array
[INFO] [stdout] 5002 | |     Int8Array: i8,
[INFO] [stdout] ...    |
[INFO] [stdout] 5034 | |     Float64Array: f64,
[INFO] [stdout] 5035 | | }
[INFO] [stdout]      | |_- in this macro invocation
[INFO] [stdout]      |
[INFO] [stdout]      = note: this error originates in a macro (in Nightly builds, run with -Z macro-backtrace for more info)
[INFO] [stdout] 
[INFO] [stdout] 
[INFO] [stdout] error[E0433]: failed to resolve: use of undeclared type or module `Int8Array`
[INFO] [stdout]     --> /opt/rustwide/cargo-home/registry/src/github.com-1ecc6299db9ec823/js-sys-0.3.39/src/lib.rs:5002:5
[INFO] [stdout]      |
[INFO] [stdout] 5002 |     Int8Array: i8,
[INFO] [stdout]      |     ^^^^^^^^^ use of undeclared type or module `Int8Array`
[INFO] [stdout] 
[INFO] [stdout] 
[INFO] [stdout] error[E0433]: failed to resolve: use of undeclared type or module `Int16Array`
[INFO] [stdout]     --> /opt/rustwide/cargo-home/registry/src/github.com-1ecc6299db9ec823/js-sys-0.3.39/src/lib.rs:5006:5
[INFO] [stdout]      |
[INFO] [stdout] 5006 |     Int16Array: i16,
[INFO] [stdout]      |     ^^^^^^^^^^ use of undeclared type or module `Int16Array`
[INFO] [stdout] 
[INFO] [stdout] 
[INFO] [stdout] error[E0433]: failed to resolve: use of undeclared type or module `Int32Array`
[INFO] [stdout]     --> /opt/rustwide/cargo-home/registry/src/github.com-1ecc6299db9ec823/js-sys-0.3.39/src/lib.rs:5010:5
[INFO] [stdout]      |
[INFO] [stdout] 5010 |     Int32Array: i32,
[INFO] [stdout]      |     ^^^^^^^^^^ use of undeclared type or module `Int32Array`
[INFO] [stdout] 
[INFO] [stdout] 
[INFO] [stdout] error[E0433]: failed to resolve: use of undeclared type or module `Uint8Array`
[INFO] [stdout]     --> /opt/rustwide/cargo-home/registry/src/github.com-1ecc6299db9ec823/js-sys-0.3.39/src/lib.rs:5014:5
[INFO] [stdout]      |
[INFO] [stdout] 5014 |     Uint8Array: u8,
[INFO] [stdout]      |     ^^^^^^^^^^ use of undeclared type or module `Uint8Array`
[INFO] [stdout] 
[INFO] [stdout] 
[INFO] [stdout] error[E0433]: failed to resolve: use of undeclared type or module `Uint8ClampedArray`
[INFO] [stdout]     --> /opt/rustwide/cargo-home/registry/src/github.com-1ecc6299db9ec823/js-sys-0.3.39/src/lib.rs:5018:5
[INFO] [stdout]      |
[INFO] [stdout] 5018 |     Uint8ClampedArray: u8,
[INFO] [stdout]      |     ^^^^^^^^^^^^^^^^^ use of undeclared type or module `Uint8ClampedArray`
[INFO] [stdout] 
[INFO] [stdout] 
[INFO] [stdout] error[E0433]: failed to resolve: use of undeclared type or module `Uint16Array`
[INFO] [stdout]     --> /opt/rustwide/cargo-home/registry/src/github.com-1ecc6299db9ec823/js-sys-0.3.39/src/lib.rs:5022:5
[INFO] [stdout]      |
[INFO] [stdout] 5022 |     Uint16Array: u16,
[INFO] [stdout]      |     ^^^^^^^^^^^ use of undeclared type or module `Uint16Array`
[INFO] [stdout] 
[INFO] [stdout] 
[INFO] [stdout] error[E0433]: failed to resolve: use of undeclared type or module `Uint32Array`
[INFO] [stdout]     --> /opt/rustwide/cargo-home/registry/src/github.com-1ecc6299db9ec823/js-sys-0.3.39/src/lib.rs:5026:5
[INFO] [stdout]      |
[INFO] [stdout] 5026 |     Uint32Array: u32,
[INFO] [stdout]      |     ^^^^^^^^^^^ use of undeclared type or module `Uint32Array`
[INFO] [stdout] 
[INFO] [stdout] 
[INFO] [stdout] error[E0433]: failed to resolve: use of undeclared type or module `Float32Array`
[INFO] [stdout]     --> /opt/rustwide/cargo-home/registry/src/github.com-1ecc6299db9ec823/js-sys-0.3.39/src/lib.rs:5030:5
[INFO] [stdout]      |
[INFO] [stdout] 5030 |     Float32Array: f32,
[INFO] [stdout]      |     ^^^^^^^^^^^^ use of undeclared type or module `Float32Array`
[INFO] [stdout] 
[INFO] [stdout] 
[INFO] [stdout] error[E0433]: failed to resolve: use of undeclared type or module `Float64Array`
[INFO] [stdout]     --> /opt/rustwide/cargo-home/registry/src/github.com-1ecc6299db9ec823/js-sys-0.3.39/src/lib.rs:5034:5
[INFO] [stdout]      |
[INFO] [stdout] 5034 |     Float64Array: f64,
[INFO] [stdout]      |     ^^^^^^^^^^^^ use of undeclared type or module `Float64Array`
[INFO] [stdout] 
[INFO] [stdout] 
[INFO] [stdout] error[E0412]: cannot find type `Int32Array` in this scope
[INFO] [stdout]    --> /opt/rustwide/cargo-home/registry/src/github.com-1ecc6299db9ec823/js-sys-0.3.39/src/lib.rs:700:37
[INFO] [stdout]     |
[INFO] [stdout] 700 |         pub fn notify(typed_array: &Int32Array, index: u32) -> Result<u32, JsValue>;
[INFO] [stdout]     |                                     ^^^^^^^^^^ not found in this scope
[INFO] [stdout] 
[INFO] [stdout] 
[INFO] [stdout] error[E0412]: cannot find type `Int32Array` in this scope
[INFO] [stdout]    --> /opt/rustwide/cargo-home/registry/src/github.com-1ecc6299db9ec823/js-sys-0.3.39/src/lib.rs:705:27
[INFO] [stdout]     |
[INFO] [stdout] 705 |             typed_array: &Int32Array,
[INFO] [stdout]     |                           ^^^^^^^^^^ not found in this scope
[INFO] [stdout] 
[INFO] [stdout] 
[INFO] [stdout] error[E0412]: cannot find type `Int32Array` in this scope
[INFO] [stdout]    --> /opt/rustwide/cargo-home/registry/src/github.com-1ecc6299db9ec823/js-sys-0.3.39/src/lib.rs:744:35
[INFO] [stdout]     |
[INFO] [stdout] 744 |         pub fn wait(typed_array: &Int32Array, index: u32, value: i32) -> Result<JsString, JsValue>;
[INFO] [stdout]     |                                   ^^^^^^^^^^ not found in this scope
[INFO] [stdout] 
[INFO] [stdout] 
[INFO] [stdout] error[E0412]: cannot find type `Int32Array` in this scope
[INFO] [stdout]    --> /opt/rustwide/cargo-home/registry/src/github.com-1ecc6299db9ec823/js-sys-0.3.39/src/lib.rs:751:27
[INFO] [stdout]     |
[INFO] [stdout] 751 |             typed_array: &Int32Array,
[INFO] [stdout]     |                           ^^^^^^^^^^ not found in this scope
[INFO] [stdout] 
[INFO] [stdout] 
[INFO] [stdout] error[E0412]: cannot find type `Int8Array` in this scope
[INFO] [stdout]     --> /opt/rustwide/cargo-home/registry/src/github.com-1ecc6299db9ec823/js-sys-0.3.39/src/lib.rs:5002:5
[INFO] [stdout]      |
[INFO] [stdout] 5002 |     Int8Array: i8,
[INFO] [stdout]      |     ^^^^^^^^^ not found in this scope
[INFO] [stdout] 
[INFO] [stdout] 
[INFO] [stdout] error[E0412]: cannot find type `Int16Array` in this scope
[INFO] [stdout]     --> /opt/rustwide/cargo-home/registry/src/github.com-1ecc6299db9ec823/js-sys-0.3.39/src/lib.rs:5006:5
[INFO] [stdout]      |
[INFO] [stdout] 5006 |     Int16Array: i16,
[INFO] [stdout]      |     ^^^^^^^^^^ not found in this scope
[INFO] [stdout] 
[INFO] [stdout] 
[INFO] [stdout] error[E0412]: cannot find type `Int32Array` in this scope
[INFO] [stdout]     --> /opt/rustwide/cargo-home/registry/src/github.com-1ecc6299db9ec823/js-sys-0.3.39/src/lib.rs:5010:5
[INFO] [stdout]      |
[INFO] [stdout] 5010 |     Int32Array: i32,
[INFO] [stdout]      |     ^^^^^^^^^^ not found in this scope
[INFO] [stdout] 
[INFO] [stdout] 
[INFO] [stdout] error[E0412]: cannot find type `Uint8Array` in this scope
[INFO] [stdout]     --> /opt/rustwide/cargo-home/registry/src/github.com-1ecc6299db9ec823/js-sys-0.3.39/src/lib.rs:5014:5
[INFO] [stdout]      |
[INFO] [stdout] 5014 |     Uint8Array: u8,
[INFO] [stdout]      |     ^^^^^^^^^^ not found in this scope
[INFO] [stdout] 
[INFO] [stdout] 
[INFO] [stdout] error[E0412]: cannot find type `Uint8ClampedArray` in this scope
[INFO] [stdout]     --> /opt/rustwide/cargo-home/registry/src/github.com-1ecc6299db9ec823/js-sys-0.3.39/src/lib.rs:5018:5
[INFO] [stdout]      |
[INFO] [stdout] 5018 |     Uint8ClampedArray: u8,
[INFO] [stdout]      |     ^^^^^^^^^^^^^^^^^ not found in this scope
[INFO] [stdout] 
[INFO] [stdout] 
[INFO] [stdout] error[E0412]: cannot find type `Uint16Array` in this scope
[INFO] [stdout]     --> /opt/rustwide/cargo-home/registry/src/github.com-1ecc6299db9ec823/js-sys-0.3.39/src/lib.rs:5022:5
[INFO] [stdout]      |
[INFO] [stdout] 5022 |     Uint16Array: u16,
[INFO] [stdout]      |     ^^^^^^^^^^^ not found in this scope
[INFO] [stdout] 
[INFO] [stdout] 
[INFO] [stdout] error[E0412]: cannot find type `Uint32Array` in this scope
[INFO] [stdout]     --> /opt/rustwide/cargo-home/registry/src/github.com-1ecc6299db9ec823/js-sys-0.3.39/src/lib.rs:5026:5
[INFO] [stdout]      |
[INFO] [stdout] 5026 |     Uint32Array: u32,
[INFO] [stdout]      |     ^^^^^^^^^^^ not found in this scope
[INFO] [stdout] 
[INFO] [stdout] 
[INFO] [stdout] error[E0412]: cannot find type `Float32Array` in this scope
[INFO] [stdout]     --> /opt/rustwide/cargo-home/registry/src/github.com-1ecc6299db9ec823/js-sys-0.3.39/src/lib.rs:5030:5
[INFO] [stdout]      |
[INFO] [stdout] 5030 |     Float32Array: f32,
[INFO] [stdout]      |     ^^^^^^^^^^^^ not found in this scope
[INFO] [stdout] 
[INFO] [stdout] 
[INFO] [stdout] error[E0412]: cannot find type `Float64Array` in this scope
[INFO] [stdout]     --> /opt/rustwide/cargo-home/registry/src/github.com-1ecc6299db9ec823/js-sys-0.3.39/src/lib.rs:5034:5
[INFO] [stdout]      |
[INFO] [stdout] 5034 |     Float64Array: f64,
[INFO] [stdout]      |     ^^^^^^^^^^^^ not found in this scope
[INFO] [stdout] 
[INFO] [stdout] 
[INFO] [stdout] error: aborting due to 37 previous errors
[INFO] [stdout] 
[INFO] [stdout] 
[INFO] [stdout] Some errors have detailed explanations: E0412, E0433.
[INFO] [stdout] 
[INFO] [stdout] For more information about an error, try `rustc --explain E0412`.
[INFO] [stdout] 
[INFO] [stderr] error: could not compile `js-sys`.
[INFO] [stderr] 
[INFO] [stderr] To learn more, run the command again with --verbose.
[INFO] [stderr] warning: build failed, waiting for other jobs to finish...
[INFO] [stderr] error: build failed
[INFO] running `Command { std: "docker" "inspect" "c9e4b13dbd81bea42a83ea542e701dff49777b8fdec0df87d1de8a2f78120e4f", kill_on_drop: false }`
[INFO] running `Command { std: "docker" "rm" "-f" "c9e4b13dbd81bea42a83ea542e701dff49777b8fdec0df87d1de8a2f78120e4f", kill_on_drop: false }`
[INFO] [stdout] c9e4b13dbd81bea42a83ea542e701dff49777b8fdec0df87d1de8a2f78120e4f
